hat is the remainder when (8/10)/(n/(-300)) is divided by 11?
8
Let o be ((12 + 2)/1)/2. Suppose 0 = 2*q - 5*p - 23 - o, -6 = 3*p. Calculate the remainder when q is divided by 4.
2
Suppose b + 2 = 2*l + 48, -l = -4*b + 149. What is the remainder when b is divided by 13?
10
Let g = 10 + -6. Let c = 1 - g. Calculate the remainder when 32 + (-3 - -1) + c is divided by 10.
7
Let z(q) = -q. Suppose 0 = 2*j - 7*j - 20. What is the remainder when 9 is divided by z(j)?
1
Let y be 2*-1 - (4 + -5). Calculate the remainder when 46 is divided by y + (-3 - -5) - -11.
10
Let j(x) = -x. What is the remainder when -48*2*(-2)/12 is divided by j(-6)?
4
Let k(b) = b**2 + 7*b + 9. What is the remainder when k(-7) is divided by 5?
4
Suppose c = -2*i + 2*c + 56, 32 = 2*i + 5*c. Calculate the remainder when 49 is divided by i.
23
Let h = 13 - 9. Suppose -h*t = -0*t - 16. What is the remainder when t is divided by 2?
0
Let f = -2 - -2. Let s(l) = l + 7. Let j be s(f). Let k = 1 + j. Calculate the remainder when 31 is divided by k.
7
Let f(r) = -r**2 + 9*r - 4. What is the remainder when 27 is divided by f(6)?
13
Let d(z) = -3 + 5*z**3 + z**2 + 28*z**3 + 2 + z. What is the remainder when d(1) is divided by 18?
16
Let m(j) = j**2 + j - 6. Calculate the remainder when 17 is divided by m(3).
5
Suppose 0*v + 5*v = 5, 5*u = -v + 166. Let k(x) = 7*x + 16. Calculate the remainder when k(7) is divided by u.
32
Suppose 0 = 7*v - 5*v - 90. Calculate the remainder when v is divided by 1*(-1 - -12) - -1.
9
Let t(c) = 3*c + 3. Suppose 0*q + 5*q - 3*w = 92, w + 84 = 5*q. What is the remainder when q is divided by t(1)?
4
Let f(q) = -q**3 - 3*q**2 - 3*q - 2. Let k(b) = -b. Let w be k(3). Calculate the remainder when 10 is divided by f(w).
3
Let u be (-3)/2*(0 - 4). Let j(c) = 2*c - 8. Let t be j(u). Suppose -t*v - 5*x + 41 = -4*x, 2*x = -4*v + 38. Calculate the remainder when 20 is divided by v.
9
Suppose 5*v = -25 + 120. What is the remainder when v is divided by 7?
5
Let l = 49 + -41. What is the remainder when l is divided by 4?
0
Let m(k) = -k**3 - 3*k**2 - 6*k - 2. Calculate the remainder when m(-4) is divided by (-1 + 3)*5 + 0.
8
Suppose r - 190 = -4*r. Let i be ((-3)/2)/(1/18). Let x = i + r. Calculate the remainder when x is divided by 6.
5
Let b = -2 - -5. Suppose -b*p + p = -26. Calculate the remainder when p is divided by 5.
3
Let z = 2 + 21. Suppose -4*f + 45 = 5*c, 5*c + 3*f - 17 = z. What is the remainder when 18 is divided by c?
3
Let y = -14 + 18. Suppose 4*b + r = -y*r + 105, 0 = -3*r + 15. Calculate the remainder when b is divided by 6.
2
Suppose -l = l + 5*u - 82, 0 = 3*u. Let m(w) = w**2 - w + 21. Let z = -1 - -1. Calculate the remainder when l is divided by m(z).
20
Suppose 4*f - 170 + 38 = 0. Calculate the remainder when f is divided by 9.
6
Let i(w) = w**2 + 2. Let a be i(6). Suppose -5*p = -u + a, 0 = 2*u + 2*u - 3*p - 84. Let z = 26 - u. What is the remainder when 22 is divided by z?
6
Suppose 0 = 3*s - 1 - 5, y + s = 11. Let f(k) = -2*k + 4. Let j be -9 + 3/(2 - 1). Calculate the remainder when f(j) is divided by y.
7
What is the remainder when 57 is divided by ((-48)/(-10))/(4 + 72/(-20))?
9
Suppose -8 = 5*k - k, 5*x + 5*k = 45. Suppose -35 = -5*s + 4*i, 3*i = s - 1 - 17. What is the remainder when x is divided by s?
2
Let f(p) = -5*p**2 + 3*p - 3. Let u be f(2). Suppose 177 = 5*d + 27. Let j = u + d. Calculate the remainder when 37 is divided by j.
11
Suppose -2*h + 3 = -15. Calculate the remainder when h is divided by 2.
1
Suppose -x + 4*x - 138 = 0. Suppose 5*t + x - 156 = 0. Calculate the remainder when t is divided by 8.
6
Let q = -8 - -2. Let b = -4 + q. Calculate the remainder when (-96)/b - (-4)/10 is divided by 6.
4
Let p(i) = -i**2 - 11*i - 5. What is the remainder when 55 is divided by p(-8)?
17
Let v be ((-39)/(-2))/(8/16). Let t = -1 + 3. Suppose v = t*g + g. What is the remainder when 38 is divided by g?
12
Let q = -50 + 69. Calculate the remainder when q is divided by 10.
9
Suppose -2*c + 42 = 4*t, t + 4*c - 1 = 6. Suppose -f + 172 = 3*f. What is the remainder when f is divided by t?
10
Suppose q + q = 0. Let k(p) = p + 2. Let h be k(q). Suppose 0 = h*d - 3 - 21. What is the remainder when 35 is divided by d?
11
Suppose i - 5 = 0, d - 19 = 4*d + i. Let n(g) = g**3 + 8*g**2 - 5*g. Let b = 4 - -10. What is the remainder when n(d) is divided by b?
12
Suppose 5*b + 178 = -122. Suppose 2*d - 31 + 9 = 0. What is the remainder when 1 - 3/(9/b) is divided by d?
10
Let n be -2 - -6 - 0 - 0. Let d = 6 + n. Suppose j + 3*h = -j + 68, 0 = j - 2*h - 20. Calculate the remainder when j is divided by d.
8
Let j = -5 + 24. Let x = 27 + -16. Calculate the remainder when j is divided by x.
8
Let m = 21 + 5. Suppose 0*n - n = -m. Calculate the remainder when n is divided by 7.
5
Calculate the remainder when ((-216)/(-21))/((-1)/(-7)) - 3 is divided by 36.
33
Let d be -62*(-3)/6 + 2. Suppose -d = -g + 29. Suppose 5*k = 5*w - 90, -3*k - 12 = -0*w - w. What is the remainder when g is divided by w?
20
Let m(j) = 21*j**2 + 5*j + 4. Let f be m(-5). Suppose -4 = -4*y + f. Let v = y - 88. What is the remainder when v is divided by 14?
11
Suppose 39 = 2*o - 5*x, 54 = 5*o - 2*o - 3*x. What is the remainder when 24 is divided by o?
7
Let g = 17 + -6. Calculate the remainder when 40 is divided by g.
7
What is the remainder when 78 is divided by (15/2)/3*(7 + 1)?
18
Suppose -4*d - 116 = -3*o, -6 = d - 1. Let a(l) = 2*l**2 + 2*l - 1. Calculate the remainder when o is divided by a(2).
10
Let y(f) = f**3 + 7*f**2 + 6*f - 3. Let d = 3 - 4. Calculate the remainder when 3/d*96/(-9) is divided by y(-5).
15
Let m = -44 - -84. Calculate the remainder when 238 is divided by m.
38
Let m(n) = n**3 - 9*n**2 + 11*n - 6. Let b be m(8). Let k = -7 + b. Suppose 2 + 2 = r. Calculate the remainder when k is divided by r.
3
Let a be 2/5 + 77/(-5). Let w = 8 - a. What is the remainder when w is divided by 12?
11
Calculate the remainder when 26 is divided by 8 - (8/28 + 48/(-21)).
6
Let r = 55 + -51. Calculate the remainder when r is divided by 3.
1
Let g(h) = 2*h**2 - 4*h + 1. Let y(v) = -v - 4. Let p be y(-10). Calculate the remainder when g(p) is divided by 13.
10
Let a(w) = w**3 - 5*w**2 + w + 3. Calculate the remainder when 22 is divided by a(5).
6
Suppose -5*b = -t + 181, 0*t = 3*t + b - 559. What is the remainder when t is divided by 47?
45
Suppose 0 = -4*r - 3*j + 233, -r - 2*j - j + 65 = 0. What is the remainder when r is divided by 19?
18
Let g(n) = -n**3 - n**2 + 6*n + 2. Let y = -8 + 13. Suppose y*h = -3*t - 0*t + 42, 4*h = t + 3. What is the remainder when g(-4) is divided by t?
8
Let p(s) = -s**3 + s**2 - s - 8. Let r be p(0). Let o = r + 25. Let x = 11 + 21. Calculate the remainder when x is divided by o.
15
Let o = 20 - 3. Suppose m = -0*m + 138. Let q = -89 + m. What is the remainder when q is divided by o?
15
Let t(n) = -5*n - 35. What is the remainder when 13 is divided by t(-8)?
3
What is the remainder when (-804)/15*(-5)/2 is divided by 27?
26
Let f = -6 + 14. Let g(k) be the second derivative of -k**5/20 + k**4/3 + 7*k**3/6 - 5*k**2/2 - 2*k. Calculate the remainder when f is divided by g(5).
3
Suppose -2*c = j - 10, 2*c + 0*c - 10 = 5*j. Suppose j = -5*y + y + 100. What is the remainder when y is divided by 7?
4
Suppose 0 = 4*r - 7 + 15. Let i(b) = -b**3 - 3*b**2 + 6*b + 6. Let k be i(-4). Calculate the remainder when 2 + 41 + (r - k) is divided by 15.
13
Suppose 5*i = 2*n + 11 - 1, 0 = -3*i - n + 17. What is the remainder when (-38)/i*(9 + -13) is divided by 14?
10
Suppose -6*z = -3*z. Suppose z*o - q = -2*o + 9, 5*o + q = 26. What is the remainder when 17 is divided by o?
2
Let d = -135 - -140. Suppose -c + 92 = -5*c - 4*a, -4*a + 52 = -4*c. Calculate the remainder when c*(-1 - (-2)/4) is divided by d.
4
Suppose 17 = 5*h + 2. Suppose 0 = p + h*p. Suppose -3*w = 2*f - 15, -3*w - 6 = -5*f - p*f. What is the remainder when 5 is divided by w?
2
Suppose 0 = -2*n + 9 + 45. Let q(s) = -4*s + 1. Let p be q(1). Calculate the remainder when n is divided by 0 + (-30)/(p + 1).
12
Let b(a) be the first derivative of -a**4/4 + 4*a**3/3 + a**2/2 + 2*a - 1. Calculate the remainder when 17 is divided by b(4).
5
Let p(a) = 4*a**2 - 4*a - 1. Let x be p(3). Let l = x + -11. Calculate th